 1798. What is m(-90)?
358
Let g(m) = m**3 - 4*m**2 - 200*m + 121. Give g(16).
-7
Let n(d) = -d**3 - 2*d**2 - 38*d + 180. What is n(6)?
-336
Let a(b) = -167*b + 1844. Give a(11).
7
Let p(t) = 6*t**2 - 62*t - 75. Give p(11).
-31
Let x(p) = p**3 - 374*p**2 - 2284*p + 1. Give x(-6).
25
Let v(r) = 4*r**2 + 135*r + 270. Determine v(-2).
16
Let a(m) = -3*m**3 + 12*m**2 - 16*m - 10. What is a(3)?
-31
Let w(d) = -2*d**3 - 99*d**2 - 29*d + 963. Determine w(-49).
-17
Let c(f) = -33*f**3 + 8*f**2 - 3*f - 4. Determine c(1).
-32
Let z(v) = -v**2 - 268*v + 5143. Calculate z(18).
-5
Let i(j) = 92*j + 284. Give i(-3).
8
Let r(a) = -19*a**2 - 2. Give r(-1).
-21
Let v(a) = 217*a + 33878. What is v(-156)?
26
Let b(x) = -9*x**2 + 234*x - 384. Calculate b(24).
48
Let d(f) = 42*f**2 + 244*f - 50. Give d(-6).
-2
Let h(r) = -r**2 - 9*r + 52. Calculate h(4).
0
Let g(a) = 5*a**2 + 34*a - 4. What is g(-11)?
227
Let s(a) = 2*a**3 + 21*a**2 - 2*a + 67. Give s(-11).
-32
Let y(b) = 147*b - 3235. What is y(22)?
-1
Let o(g) = -4*g**3 + 901*g + 3. Calculate o(-15).
-12
Let n(u) = 14*u**2 - 498*u - 24. Calculate n(38).
1268
Let y(q) = q**2 + 19*q - 252. Give y(10).
38
Let o(k) = -6*k**2 + 16*k + 304. Give o(-6).
-8
Let k(v) = -v**3 - 90*v**2 + 2331*v + 37. Calculate k(-111).
37
Let l(j) = 23*j**2 + 1087*j + 278. What is l(-47)?
-4
Let o(c) = c**2 - 25*c - 102. Give o(34).
204
Let z(s) = -s**3 + 30*s**2 + 260*s - 42. What is z(37)?
-5
Let z(y) = -2*y**3 + 21*y**2 - 16*y + 46. Determine z(10).
-14
Let b(h) = 112*h**2 + 101*h - 14. What is b(-1)?
-3
Let x(i) = -2*i**2 + 78*i + 350. Calculate x(43).
6
Let d(v) = -62*v**2 - 7*v - 9. Determine d(-2).
-243
Let m(h) = 11*h**2 + 198*h - 16. Determine m(-18).
-16
Let r(x) = 20*x**3 + 403*x**2 + 65*x + 105. Determine r(-20).
5
Let k(v) = 2*v**2 - 106*v - 3. What is k(53)?
-3
Let d(n) = -2*n**2 + 546*n - 5258. Give d(10).
2
Let j(x) = -x**3 + 14*x**2 - 38*x - 88. Calculate j(8).
-8
Let y(w) = -16*w**2 + 10*w - 35. Determine y(4).
-251
Let h(a) = 4*a**2 + 9*a + 7. Determine h(2).
41
Let c(m) = 2998*m + 125912. Calculate c(-42).
-4
Let l(x) = -2*x**3 + 7*x**2 - 62*x + 506. Give l(7).
-271
Let p(y) = 7*y**2 - 11*y - 45. Calculate p(-5).
185
Let p(b) = b + 124. What is p(42)?
166
Let g(u) = 9*u**2 - 5*u + 56. Determine g(-4).
220
Let z(s) = 6*s + 81. What is z(8)?
129
Let d(n) = 3*n**3 + 3*n**2 - 17*n - 31. Calculate d(-2).
-9
Let t(h) = -h**3 - 8*h**2 + 13*h - 71. Determine t(-10).
-1
Let x(n) = n**2 - 34*n + 145. Give x(20).
-135
Let n(s) = -18*s**2 + 39*s - 14. What is n(1)?
7
Let i(v) = -v**3 + 29*v**2 + 784*v + 27. What is i(-17)?
-7
Let x(z) = z**3 - 2*z**2 + 38*z + 6. Give x(0).
6
Let d(i) = i**3 + 14*i**2 + 17*i - 62. What is d(-12)?
22
Let u(f) = -f**3 - 92*f**2 - 88*f + 284. Give u(-91).
11
Let z(u) = -26*u**3 - 2*u**2 + 21*u - 25. Give z(2).
-199
Let g(c) = -2*c**3 + 2*c**2 + 40*c + 1. Give g(5).
1
Let u(j) = 387*j - 106030. What is u(274)?
8
Let l(x) = 4*x**2 + x - 333. Calculate l(-9).
-18
Let f(y) = 118*y**3 + 11*y**2 - 12*y + 3. Calculate f(1).
120
Let q(i) = i**2 - 242*i + 11506. Give q(65).
1
Let s(k) = k**3 - k**2 - 101*k - 412. Give s(-4).
-88
Let n(f) = 15*f**2 - 349*f + 12. Calculate n(19).
-1204
Let a(x) = -3*x**2 - 207*x + 200. What is a(-70)?
-10
Let v(w) = 29*w - 371. Give v(10).
-81
Let f(o) = o**2 - o - 6. Give f(-5).
24
Let y(l) = -2*l**3 - 33*l**2 + 243*l + 14. What is y(-22)?
-8
Let n(a) = -63*a + 162. Calculate n(6).
-216
Let q(d) = -d + 37. What is q(18)?
19
Let w(o) = 260*o + 17158. What is w(-66)?
-2
Let x(n) = -1241*n - 8680. Calculate x(-7).
7
Let c(t) = 25*t**3 - 15*t**2 + 29*t - 15. Determine c(1).
24
Let h(t) = -t**3 + 18*t**2 + 15*t + 60. Calculate h(18).
330
Let h(a) = -a**3 + 5*a**2 + 106*a - 591. Calculate h(5).
-61
Let j(t) = -51*t - 3731. Give j(-73).
-8
Let s(i) = -i**2 - 99*i - 13. Calculate s(0).
-13
Let p(i) = i**2 - 3*i - 73. What is p(-8)?
15
Let r(i) = 4*i**2 + 447*i + 110. Calculate r(-111).
-223
Let a(m) = 7*m**2 + 76*m + 290. Determine a(-4).
98
Let j(a) = 397*a + 26223. Give j(-66).
21
Let k(q) = -4*q**2 + 6*q - 2. Determine k(-4).
-90
Let b(x) = 64*x - 163. Give b(7).
285
Let h(g) = 2*g**3 - 51*g - 1. Determine h(5).
-6
Let x(u) = -890*u + 15121. Determine x(17).
-9
Let u(s) = s**3 + 63*s**2 - 529*s - 2724. What is u(-70)?
6
Let z(u) = u**2 - 135*u + 1250. What is z(10)?
0
Let q(o) = 3*o**3 - 44*o**2 + 33*o - 8. Determine q(14).
62
Let h(c) = -3*c**3 - 20*c**2 + 36*c - 1. Calculate h(2).
-33
Let b(k) = -140*k + 2945. Calculate b(21).
5
Let n(a) = 4*a + 94. Give n(0).
94
Let v(m) = -2*m**3 - 45*m**2 - 87*m + 19. Give v(-20).
-241
Let s(v) = 3*v**3 - 147*v**2 + 147*v - 150. Determine s(48).
-6
Let k(l) = 10*l**3 + 2*l**2 + 11*l - 50. Calculate k(2).
60
Let p(c) = -2*c**2 + 123*c + 457. Calculate p(65).
2
Let m(z) = 124*z**3 + 2*z**2 + 74*z + 150. Give m(-2).
-982
Let h(c) = -c**3 - 59*c**2 + 191*c + 6. Determine h(3).
21
Let u(z) = 17*z**2 - 162*z - 609. What is u(-4)?
311
Let h(f) = -7*f + 277. Determine h(58).
-129
Let a(q) = -3*q**3 - 20*q**2 - 295*q - 2110. What is a(-7)?
4
Let r(f) = 3*f**2 - 15*f - 73. Determine r(14).
305
Let t(o) = -26*o**2 - 3481*o + 412. Calculate t(-134).
10
Let u(v) = -28*v - 679. Determine u(-23).
-35
Let o(l) = -l**3 + 102*l**2 + 3*l - 288. Determine o(102).
18
Let b(s) = -s**3 + 32*s**2 - 240*s - 134. Calculate b(19).
-1
Let q(o) = 3*o**2 + 288*o - 196. Determine q(-97).
95
Let d(m) = m**3 - 3*m**2 - 48*m + 13. Calculate d(-6).
-23
Let y(v) = 3*v**3 + 243*v**2 + 21*v + 1697. Determine y(-81).
-4
Let q(m) = 3*m**3 + 6*m**2 - 9*m - 14. Give q(-5).
-194
Let m(a) = 4*a**2 - 243*a - 311. Give m(62).
-1
Let p(v) = -v**3 - 49*v**2 + 50*v + 115. What is p(-50)?
115
Let p(f) = f**2 - 26*f + 67. Give p(8).
-77
Let d(o) = 140*o**2 + 1256*o - 34. Give d(-9).
2
Let y(n) = 10*n**3 - 119*n**2 - 5*n - 88. Calculate y(12).
-4
Let a(q) = -38*q + 1770. Calculate a(44).
98
Let z(g) = 17*g**2 - 257*g - 229. Give z(16).
11
Let l(a) = a**2 - 55*a + 355. Calculate l(7).
19
Let u(p) = p**3 + 22*p**2 - 50*p - 631. Determine u(-23).
-10
Let m(w) = 16*w**3 - 624*w**2 + 25. Give m(39).
25
Let g(s) = s**3 - 3*s**2 - 144*s + 698. Determine g(5).
28
Let q(v) = 139*v + 25705. What is q(-185)?
-10
Let f(w) = w**3 - 23*w**2 - 14*w + 59. What is f(24)?
299
Let h(b) = -4573*b - 54865. Give h(-12).
11
Let m(l) = 26*l**2 + 131*l + 132. What is m(-1)?
27
Let k(q) = q**3 + 7*q**2 + 9*q + 48. What is k(-7)?
-15
Let c(s) = s + 2. What is c(7)?
9
Let v(m) = -603*m - 4223. Give v(-7).
-2
Let k(w) = -4*w**3 + 160*w**2 - 449*w + 185. Determine k(37).
0
Let i(t) = -74*t - 14. Give i(1).
-88
Let p(x) = -4*x + 109. What is p(5)?
89
Let f(n) = -3*n**2 - 111*n - 761. What is f(-28)?
-5
Let l(w) = -w**2 - 78*w - 273. Calculate l(-3).
-48
Let o(w) = -2*w**2 + 28*w + 49. What is o(16)?
-15
Let v(q) = -q**3 + 10*q**2 - 14. Calculate v(10).
-14
Let a(n) = -n**3 + 10*n**2 + 53*n - 156. What is a(13)?
26
Let i(w) = 3*w**3 + 15*w**2 + 53*w + 5. Give i(0).
5
Let t(u) = -u**2 - 145*u + 599. Calculate t(4).
3
Let d(y) = y**2 + 811*y + 9605. What is d(-12)?
17
Let y(h) = 153*h**3 - 2*h**2 - 6*h - 5. Give y(-1).
-154
Let d(i) = -i**3 - 11*i**2 - 26*i + 7. What is d(-7)?
-7
Let r(n) = -2*n**2 + 94*n - 482. What is r(41)?
10
Let l(p) = 2*p**3 + 7*p**2 - 4*p - 15. Determine l(-3).
6
Let b(r) = r**3 - 37*r**2 + 110. Determine b(37).
110
Let v(a) = 450*a + 2662. What is v(-6)?
-38
Let c(l) = -102*l + 5402. Determine c(53).
-4
Let s(u) = -u**3 - 23*u**2 + 21*u - 106. Give s(-24).
-34
Let l(v) = -14*v**3 - v**2 + 6*v - 29. Determine l(4).
-917
Let g(x) = 6*x + 33. Determine g(-14).
-51
Let p(j) = -247*j**2 - 3*j - 2. Calculate p(-1).
-246
Let f(h) = -75*h - 9385. What is f(-125)?
-10
Let o(a) = -6*a**2 - 80*a - 34. Determine o(-14).
-90
Let o(y) = y**2 + 58*y + 812. Give o(-23).
7
Let j(k) = k**3 + 34*k**2 + 147*k - 42. Determine j(-29).
-100
Let z(r) = 1309*r + 27486. Calculate z(-21).
-3
Let r(q) = -14*q**2 - 109*q + 30. Give r(-9).
-123
Let d(b) = -3*b**3 + 51*b**2 - 18*b + 306. Determine d(17).
0
Let g(w) = -19*w + 284. Calculate g(15).
-1
Let b(h) = -4*h**2 - 37*h + 33. Calculate b(-12).
-99
Let a(o) = -95*o - 2115. Give a(-22).
-25
Let n(o) = 18*o**2 - 1702*o + 922. Give n(94).
-18
Let q(a) = -245*a**2 + 737*a + 16. G